{"id":10,"date":"2022-02-20T18:59:43","date_gmt":"2022-02-20T17:59:43","guid":{"rendered":"http:\/\/www.cort2.ch\/?page_id=10"},"modified":"2022-03-28T17:30:34","modified_gmt":"2022-03-28T15:30:34","slug":"cort-guitars","status":"publish","type":"page","link":"https:\/\/www.cort.ch\/","title":{"rendered":"CORT Guitars"},"content":{"rendered":"<p class=\"sub_txt\">Cor-Tek ist ein globaler Instrumentenhersteller, der weltweit Gitarren und Verst\u00e4rker produziert und exportiert. Basierend auf den laufend weiterentwickelten Technologien und Erfahrungen die wir im Laufe der Jahrzehnte sammeln konnten, wurde die eigene Gitarrenmarke CORT entwickelt. CORT geh\u00f6rt heute aufgrund der hohen Qualit\u00e4t der verwendeten Materialien, der ausserordentlichen Fertigungsqualit\u00e4t und des exzellenten Designs zu einem gefragten Namen auf dem weltweiten Instrumentenmarkt.<\/p>\n<p class=\"sub_txt\">CORT Gitarren werden in den eigenen hochmodernen Produktionsst\u00e4tten in Indonesien und China gebaut, basierend auf dem jahrzehntelang erarbeiteten Fachwissen und der Erfahrung unserer Gitarrenbauer. Um die hohe Qualit\u00e4t stets aufrechterhalen zu k\u00f6nnen wurde bei CORT fr\u00fchzeitig modernste Technik verwendet. Kompromisslose Standards bei der Holzauswahl sorgf\u00e4ltige Kontrolle der Holztrocknung, fortschrittliche CNC-Maschinen und moderne Lackierverfahren wurden entwickelt und eingef\u00fchrt. Dazu kommt eine sorgf\u00e4ltige Kontrolle der Luftqualit\u00e4t in den Produktionsr\u00e4umen. CORT investiert weiterhin stark in die fortschreitende Entwicklung von modernen Fertigungsanlagen und Prozessen. Die Schulung unserer Mitarbeitern hat einen hohen Stellenwert.<br \/>\nCORT ist bestrebt, immer exzellente Gitarren mit hervorragendem Preis-Leistungsverh\u00e4ltnis herzustellen, die f\u00fcr Musiker vieler Genres attraktiv sind.<\/p>\n","protected":false},"excerpt":{"rendered":"<p>Cor-Tek ist ein globaler Instrumentenhersteller, der weltweit Gitarren und Verst\u00e4rker produziert und exportiert. Basierend auf den laufend weiterentwickelten Technologien und Erfahrungen die wir im Laufe der Jahrzehnte sammeln konnten, wurde die eigene Gitarrenmarke CORT entwickelt. CORT geh\u00f6rt heute aufgrund der hohen Qualit\u00e4t der verwendeten Materialien, der ausserordentlichen Fertigungsqualit\u00e4t und des exzellenten Designs zu einem gefragten &hellip; <a href=\"https:\/\/www.cort.ch\/\" class=\"more-link\"><span class=\"screen-reader-text\">CORT Guitars<\/span> weiterlesen <span class=\"meta-nav\">&rarr;<\/span><\/a><\/p>\n","protected":false},"author":1,"featured_media":0,"parent":0,"menu_order":0,"comment_status":"closed","ping_status":"closed","template":"","meta":{"footnotes":""},"class_list":["post-10","page","type-page","status-publish","hentry"],"_links":{"self":[{"href":"https:\/\/www.cort.ch\/index.php?rest_route=\/wp\/v2\/pages\/10","targetHints":{"allow":["GET"]}}],"collection":[{"href":"https:\/\/www.cort.ch\/index.php?rest_route=\/wp\/v2\/pages"}],"about":[{"href":"https:\/\/www.cort.ch\/index.php?rest_route=\/wp\/v2\/types\/page"}],"author":[{"embeddable":true,"href":"https:\/\/www.cort.ch\/index.php?rest_route=\/wp\/v2\/users\/1"}],"replies":[{"embeddable":true,"href":"https:\/\/www.cort.ch\/index.php?rest_route=%2Fwp%2Fv2%2Fcomments&post=10"}],"version-history":[{"count":3,"href":"https:\/\/www.cort.ch\/index.php?rest_route=\/wp\/v2\/pages\/10\/revisions"}],"predecessor-version":[{"id":59,"href":"https:\/\/www.cort.ch\/index.php?rest_route=\/wp\/v2\/pages\/10\/revisions\/59"}],"wp:attachment":[{"href":"https:\/\/www.cort.ch\/index.php?rest_route=%2Fwp%2Fv2%2Fmedia&parent=10"}],"curies":[{"name":"wp","href":"https:\/\/api.w.org\/{rel}","templated":true}]}}